 - 2*g - 14 = -6, 0 = -2*b - 2*g - 10. Let w = b - 2. Determine u(w).
-3
Let h(o) = -o**2 + 5*o + 8. Let v be h(6). Let p(x) = -x**2 - 7*x - 7. Let s be p(-5). Let r(a) = 6*a**2 - 2*a**2 - s*a**2. Give r(v).
4
Let z be 2 + (6 - 0)/1. Suppose 3*g = -2*q - 18, -5*g + 4*q + 0*q = z. Let a(i) = i**3 - 2 + 5*i**2 + 1 - 5 + 2 + i. Determine a(g).
8
Let p be 6/15 + (-26)/(-10). Suppose 0 = -p*c - 0 + 9. Suppose -a - 12 = 4*s, 3 = -2*s - 3*a - c. Let h(q) = q - 3. Determine h(s).
-6
Let v(u) be the third derivative of -1/60*u**5 + 0 + 0*u - 8*u**2 - 1/8*u**4 - 1/6*u**3. Let n be 38/(-14) + 2/(-7). Give v(n).
-1
Let r = 1 + -3. Let d(o) be the third derivative of o**6/120 + o**5/60 + o**4/24 - o**3/3 - 5*o**2. Give d(r).
-8
Let t(c) = -c - 5. Let k(m) be the second derivative of m**3/3 - 5*m**2 + 2*m. Let q be k(7). What is t(q)?
-9
Let q(m) be the third derivative of -2*m**5/15 - 4*m**2. Give q(1).
-8
Let i(o) = -o - 22. Let r be i(-18). Let u(j) = -j**3 - 6*j**2 - 6*j - 4. Determine u(r).
-12
Suppose 0 = y + p - 16, 2*y = 7*y + 4*p - 82. Let c = 15 - y. Let k(o) = 2*o - 3. Let r(j) = -1. Let n(s) = -k(s) + 3*r(s). Give n(c).
6
Let s = -25 - -25. Let l(f) = f**2 - 3. What is l(s)?
-3
Let q(k) = 3*k**3 - 8*k**2 + 7*k + 9. Let t(s) = s**3 - s**2 + s + 1. Let g(p) = q(p) - 2*t(p). Calculate g(5).
7
Let l(y) = -2*y + 3. Suppose 5*c = 3*c + 4. Let m be 0 - (-7)/(7/c). Determine l(m).
-1
Let a(l) = 5*l**2 + 4*l - 9. Let w(k) = 4*k**2 - 18*k**2 + 8*k**2 + 10 - 4*k. Let b(h) = 5*a(h) + 4*w(h). What is b(-4)?
-5
Let h = 33 + -39. Let q(y) = -y**2 - 5*y + 1. Calculate q(h).
-5
Let k = 6 - 8. Let a(y) be the third derivative of -y**6/360 + y**5/120 + y**4/6 - 3*y**2. Let t(z) be the second derivative of a(z). Calculate t(k).
5
Suppose -6*n = 23 + 25. Let v(m) = m**2 + 8*m - 3. What is v(n)?
-3
Let r be 3 + -2 - (-2 - 1). Suppose -y + r*y - 15 = 0. Let t(n) = -4*n**3 + 0 - 2*n**3 + 4 + 4*n**2 + 5*n + 5*n**3. Calculate t(y).
4
Let n(i) = -i**2 + 3*i + 7. Let l(r) = -r**2 - 10*r - 11. Let d be l(-8). Let y = 0 + d. Calculate n(y).
-3
Let n = -6 + 5. Let i be (1 + 1 + -1)/n. Let g(t) be the third derivative of -t**4/6 + t**3/6 - 2*t**2. Calculate g(i).
5
Let o(j) = j**2 - 3*j. Let a(g) = -g**3 - 2*g**2 - g - 9. Let i be a(-3). Determine o(i).
0
Suppose -2*y - 3*w = 2*y - 14, -y - 1 = 3*w. Let o(s) = 6*s + 4*s**2 + 4*s**3 + 2 - y*s - 5*s**3 + 0*s. Calculate o(4).
6
Let d = 12 + 2. Let k = d - 9. Let l(n) = n**3 + 2*n**3 - 3*n**3 - n**3 + 6 + k*n - 4*n**2. What is l(-5)?
6
Let p = 4 + 0. Suppose -2 = -c + o, -c - 2*o - p = 6. Let l(q) = q**2 - 2*q. Give l(c).
8
Let y(g) = 4*g - 5*g + 2*g**2 + 5*g - 2*g - 1. Determine y(1).
3
Let b(k) = -k**3 + 4*k**2 - 3*k + 4. Let n = 199 + -195. What is b(n)?
-8
Let v(t) = -2*t - 3. Let n(r) = -r - 1. Let m(b) = -13*n(b) + 6*v(b). Let z(f) = -f**3 - 3*f**2 + 4*f - 2. Let l be z(-4). Let j be -1 + l/3*6. Determine m(j).
-10
Let l(d) = -6*d + 5 - 3 + 9*d. Let t be l(-2). Let y(a) = -a**3 - 5*a**2 - 4*a - 4. Determine y(t).
-4
Let k(l) = l**3 + 5*l**2 - 6*l. Suppose 0 = -s - 2 - 4. Determine k(s).
0
Let w(q) = -q**3 + 9*q**2 + 10*q + 1. Let z(t) = -2*t**3 + 19*t**2 + 21*t + 3. Let r(n) = -13*w(n) + 6*z(n). Determine r(4).
5
Let q(n) = -n + 1. Let m(c) = -3*c**2 - 8*c + 1. Let r(h) = m(h) - 4*q(h). Determine r(-2).
-7
Let w(d) = d**2 + d. Suppose 2*m - 8*m = 24. Let p(v) = -3*v**2 + v + 9. Let s(y) = m*w(y) - p(y). Calculate s(-6).
-15
Let p(r) = r**3 + 2*r**2 - 3*r - 1. Let g(k) = k**2 - 8*k + 9. Let h be g(6). Give p(h).
-1
Suppose 15 = -2*u - 3*u. Suppose -7*r - 22 = 6. Let l = u - r. Let m(q) = 10*q + 1. What is m(l)?
11
Let g(m) = 9*m + 15. Let p(w) be the second derivative of 2*w**3/3 + 7*w**2/2 + w. Let v(b) = 3*g(b) - 7*p(b). Let a be (1/(-1))/(11/55). Determine v(a).
1
Let t(x) = 5*x - 12 + 12. What is t(5)?
25
Let d(o) = o + 5. Suppose 61 = -u + 67. Calculate d(u).
11
Let g(a) = -a**3 + a. Let p be g(-1). Suppose -4*f - 12 = -2*o, p*o + 2*o + 6 = -5*f. Let k(d) = d**2 + 4*d**2 + 3*d - 2*d**2 + 1. What is k(f)?
7
Let h(o) = 3*o**2 + 7*o + 6. Let r(i) be the first derivative of -i**3/3 - i + 1. Let x(q) = h(q) + 2*r(q). Determine x(-5).
-6
Let k(f) = 4*f - f - 5 - 2*f + 0*f. Let r = -2 + -4. Give k(r).
-11
Let z(r) = 1 - r**2 - r + r**2 - r**3. Let y be 4/4*0/(-2). What is z(y)?
1
Let s(a) be the third derivative of -a**6/120 - a**5/15 + a**4/8 - 5*a**3/6 + 2*a**2. Suppose -2*i = i. Suppose 0 = 4*m - i*m + 20. What is s(m)?
5
Let m(i) be the second derivative of 1/20*i**5 + 1/4*i**4 + 3/2*i**2 - 5/6*i**3 + 6*i + 0. Determine m(-4).
7
Let l(s) be the second derivative of 4/3*s**3 - 4*s**2 - 1/12*s**4 + 0 - 4*s. Give l(6).
4
Let z(o) = -o - 2. Let b be (-3 + 1)*(9 - 4)/(-5). Suppose w - 2*w - 8 = -r, 4*r + 5*w - 5 = 0. Suppose -18 = -r*i + b. What is z(i)?
-6
Let c(g) = -g + 1. Let q(j) = 4*j - 10. Let h(k) = 5*c(k) + q(k). Determine h(-4).
-1
Let m(s) = -s**3 + 5*s**2 - 10. Let h(l) = -l**3 + 6*l**2 - 11. Suppose -4*t + 7 = -9. Let g(k) = t*h(k) - 5*m(k). Let j be 0/(6/(-1 - 2)). What is g(j)?
6
Let v be (-3)/(-15) - (-18)/10. Suppose -v*o + 5*o - 3 = 0. Let j(p) = 6*p + 1. What is j(o)?
7
Let a = 20 - 12. Let q(z) = -4*z**3 - 5*z**2 - 2*z + 2. Let u(v) = 11*v**3 + 14*v**2 + 5*v - 6. Let f(o) = a*q(o) + 3*u(o). Give f(-2).
0
Suppose -2*x - 3*q = -8*q - 33, 66 = 5*x + 4*q. Let y(l) = -12*l**2 - l + 25*l**2 - x*l**2 - 1 - 5*l. Give y(-5).
4
Let n = 16 + -11. Suppose 2*s - w - 2 = 6, n*w - 20 = -2*s. Let q(c) = -3*c - 1 + s - c. Give q(3).
-8
Let x(u) be the first derivative of 1/12*u**4 + 1/60*u**5 + 1/6*u**3 + 0*u + 3/2*u**2 - 1. Let g(b) be the second derivative of x(b). Calculate g(-1).
0
Let r(u) = -u**2 - 13*u + 3. Let o be r(-13). Let x(f) be the second derivative of 0 + 1/6*f**o - 5/2*f**2 - f - 1/12*f**4. Give x(0).
-5
Suppose 5*i - 8 = 3*r, 0 = -4*r - 3*i + 5*i - 6. Let b(o) = -2*o. Let h(d) = d - 1. Let g(y) = r*b(y) - 3*h(y). Give g(5).
-2
Let n = 21 - 22. Let q(p) = 12*p**3 - 2*p - 1. Give q(n).
-11
Let n = -13 - -7. Let b = 6 - 2. Let j = n + b. Let r(g) = -2*g + 2. Determine r(j).
6
Let f be -3 - -1 - (-2)/(-1). Let m(k) = k**3 + 5*k**2 + 3*k - 2. Give m(f).
2
Let k(o) = 2 + 9*o - 8*o - 2. Determine k(2).
2
Let o(x) = 5*x**2 - 29*x + 9. Let y(q) = -2*q**2 + 10*q - 3. Let a(z) = -4*o(z) - 11*y(z). Give a(-5).
17
Let m(u) = -2*u + 1. Let d(v) = 5*v - 4. Suppose 8*y = 12*y + 12. Let z(w) = y*d(w) - 8*m(w). Give z(-6).
-2
Let g(v) = 4*v - 5*v - 1 - 4 - 5. Calculate g(-7).
-3
Let k(x) = 2*x**2 + 2. Let t(p) = p**3 - 26*p**2 + 25*p - 2. Let q be t(25). Determine k(q).
10
Let o = -9 - -3. Let w(i) be the first derivative of -i**3/3 - 2*i**2 - 5*i - 17. Calculate w(o).
-17
Let f(u) = -u**2 - 1. Let t = 37 - 25. Suppose 3*p - m - t = 0, 3*p = 3*m + 5 + 1. Suppose -p*s = -0*s - 3*j - 10, -8 = -2*s + 2*j. What is f(s)?
-2
Let k(x) = -16*x + 35. Let j(r) = -r**3 - 3*r**2 + r + 1. Let w be j(-3). Let m(g) = -3*g + 7. Let b(y) = w*k(y) + 11*m(y). Give b(5).
2
Let t(g) be the first derivative of g**3/3 + g**2/2 - g + 1. Let w = -6 - -7. Give t(w).
1
Let q be (2 - 9/(-3))*1. Let h(v) = -2*v - 6*v**2 + 9 + v**2 - v**2 - v**3 - q. Determine h(-5).
-11
Let n(j) = -j - 7. Let x be n(-9). Let a(b) = b**x + 5 - 4 - 4*b**2 + 0. Calculate a(1).
-2
Let m(j) = 5*j**3 + j**2 + j + 4. Let x(u) = u**3 + u**2 + u + 1. Let a(w) = -m(w) + 4*x(w). Give a(3).
9
Let l(p) be the second derivative of -2*p + 11/12*p**4 - 1/2*p**2 + 0 + 1/6*p**3. Calculate l(1).
11
Suppose 5*n - 3*n = 4*w, -4*w = 3*n - 20. Let v(f) = -f - 4. Let h be v(-2). Let q = h + w. Let j(c) = c. What is j(q)?
0
Let b = -569 + 571. Let y(w) = -9*w**3 - 11*w**2 - 13*w - 13. Let m(p) = 5*p**3 + 6*p**2 + 7*p + 7. Let j(f) = -11*m(f) - 6*y(f). Give j(b).
-5
Let s(n) be the third derivative of -n**6/120 - n**5/10 + n**4/3 + n**3 + 5*n**2. Calculate s(-7).
-1
Suppose -w - 1 = -2*w. Let y(c) be the first derivative of 2*c**3/3 - c**2/2 - 3. What is y(w)?
1
Let p be 5/(30/4)*-3. Let v be (-10)/15*(-3)/p. Let t(d) = d**2 + d + 1. Let z(u) = -u**3 + 7*u**2 - 2*u + 1. Let s(m) = v*z(m) + 2*t(m). What is s(4)?
1
Let s(m) = 2*m**2 - 4*m + 1. Let b be 1 - ((-21)/(-1))/(-3). Let x be (b/(4/2))/2. Suppose -3*c = -6*c - 15, 4*c = x*f - 26. Determine s(f).
7
Let v(y) = 4*y + 1. Let j(c) = -c**3 +